{"id":45,"date":"2015-12-07T13:24:51","date_gmt":"2015-12-07T13:24:51","guid":{"rendered":"http:\/\/protobox.eu\/?page_id=45"},"modified":"2017-11-17T16:43:56","modified_gmt":"2017-11-17T15:43:56","slug":"bezahlung-versandinformationen","status":"publish","type":"page","link":"https:\/\/protobox.eu\/?page_id=45","title":{"rendered":"Bezahlungs- &#038; Versandinformationen"},"content":{"rendered":"<p><strong>Bezahlung<\/strong><br \/>\nMomentan stehen folgende Bezahlm\u00f6glichkeiten\u00a0zur Verf\u00fcgung:<br \/>\n&#8211; \u00dcberweisung<br \/>\n&#8211; Rechnungskauf (Zahlungsziel 14 Tage)<br \/>\nBei anders gearteten Zahlungsw\u00fcnschen setzen sie sich vorab mit uns in <a href=\"https:\/\/protobox.eu\/?page_id=64\">Verbindung<\/a>.<\/p>\n<p><strong>Versandkosten<\/strong><br \/>\nDie \u00a0Versandkosten sind (DHL) innerhalb Deutschland frei.<br \/>\nBei\u00a0gro\u00dfem Bestellumfang wenden sie sich gern direkt an <a href=\"https:\/\/protobox.eu\/?page_id=64\">uns<\/a>.<\/p>\n<p>&nbsp;<\/p>\n","protected":false},"excerpt":{"rendered":"<p>Bezahlung Momentan stehen folgende Bezahlm\u00f6glichkeiten\u00a0zur Verf\u00fcgung: &#8211; \u00dcberweisung &#8211; Rechnungskauf (Zahlungsziel 14 Tage) Bei anders gearteten Zahlungsw\u00fcnschen setzen sie sich vorab mit uns in Verbindung. Versandkosten Die \u00a0Versandkosten sind (DHL) innerhalb Deutschland frei. Bei\u00a0gro\u00dfem Bestellumfang wenden sie sich gern direkt an uns. &nbsp;<\/p>\n","protected":false},"author":1,"featured_media":0,"parent":0,"menu_order":0,"comment_status":"closed","ping_status":"closed","template":"","meta":{"footnotes":""},"_links":{"self":[{"href":"https:\/\/protobox.eu\/index.php?rest_route=\/wp\/v2\/pages\/45"}],"collection":[{"href":"https:\/\/protobox.eu\/index.php?rest_route=\/wp\/v2\/pages"}],"about":[{"href":"https:\/\/protobox.eu\/index.php?rest_route=\/wp\/v2\/types\/page"}],"author":[{"embeddable":true,"href":"https:\/\/protobox.eu\/index.php?rest_route=\/wp\/v2\/users\/1"}],"replies":[{"embeddable":true,"href":"https:\/\/protobox.eu\/index.php?rest_route=%2Fwp%2Fv2%2Fcomments&post=45"}],"version-history":[{"count":8,"href":"https:\/\/protobox.eu\/index.php?rest_route=\/wp\/v2\/pages\/45\/revisions"}],"predecessor-version":[{"id":181,"href":"https:\/\/protobox.eu\/index.php?rest_route=\/wp\/v2\/pages\/45\/revisions\/181"}],"wp:attachment":[{"href":"https:\/\/protobox.eu\/index.php?rest_route=%2Fwp%2Fv2%2Fmedia&parent=45"}],"curies":[{"name":"wp","href":"https:\/\/api.w.org\/{rel}","templated":true}]}}